and 122266747.
3461
Calculate the greatest common factor of 2107 and 11467498.
301
What is the highest common factor of 1198939240 and 10?
10
Calculate the highest common divisor of 1397088 and 69069.
231
What is the greatest common divisor of 223420 and 11640?
20
Calculate the highest common divisor of 12296 and 324466.
106
Calculate the greatest common divisor of 8260 and 554400.
140
Calculate the greatest common divisor of 163894 and 256310.
722
Calculate the highest common factor of 34425187 and 1.
1
Calculate the greatest common divisor of 13247 and 2909245.
1019
What is the highest common factor of 253738881 and 1782?
99
What is the greatest common divisor of 168015250 and 13?
13
Calculate the highest common factor of 47329255 and 3695.
3695
Calculate the greatest common divisor of 2032059 and 30189.
87
Calculate the highest common divisor of 855 and 741315.
15
What is the highest common divisor of 56 and 9946132?
28
What is the greatest common factor of 1380 and 9921280?
460
Calculate the highest common factor of 719 and 1434681815.
719
What is the highest common factor of 4420 and 170612?
884
Calculate the greatest common divisor of 404 and 3039898.
202
What is the greatest common divisor of 803281 and 323731?
139
Calculate the greatest common factor of 439 and 147904807.
439
Calculate the greatest common divisor of 16340904 and 509832.
5256
Calculate the greatest common divisor of 147177 and 106856901.
6399
What is the highest common factor of 1032 and 4410408?
24
Calculate the greatest common factor of 9568 and 50351600.
4784
Calculate the highest common factor of 4074 and 8846012.
1358
What is the greatest common factor of 70672538 and 6?
2
What is the greatest common divisor of 196 and 2112502?
14
Calculate the highest common divisor of 200001100 and 2530.
230
What is the greatest common divisor of 11 and 28008497?
11
Calculate the highest common divisor of 109 and 1038490197.
109
Calculate the highest common factor of 432 and 276942024.
216
Calculate the greatest common divisor of 13231162 and 19694.
458
What is the greatest common divisor of 104624792 and 6992?
3496
Calculate the highest common factor of 103038 and 150.
6
What is the greatest common factor of 198 and 16602201?
99
What is the highest common factor of 18241 and 78423424?
1073
Calculate the greatest common factor of 1216 and 1639852.
76
What is the greatest common factor of 248818 and 13954984?
5294
Calculate the highest common divisor of 5620 and 198357900.
5620
Calculate the highest common factor of 63 and 45463012.
7
What is the greatest common divisor of 404130 and 590?
10
Calculate the highest common divisor of 316192 and 344.
8
Calculate the highest common factor of 288250396 and 3830.
766
Calculate the highest common factor of 4811385 and 120.
15
Calculate the greatest common divisor of 60 and 37081530.
30
Calculate the highest common factor of 2504650 and 800.
50
What is the highest common divisor of 64 and 7063904?
32
Calculate the highest common factor of 2062815 and 205095.
1695
What is the highest common factor of 702 and 6759909?
351
What is the highest common factor of 47835 and 724164498?
9567
What is the highest common divisor of 5316 and 202594089?
1329
What is the highest common divisor of 179253705 and 894?
447
What is the highest common factor of 621 and 7531002?
27
Calculate the greatest common divisor of 1406 and 2929249.
19
Calculate the greatest common divisor of 3927441 and 643713.
609
Calculate the highest common divisor of 901212 and 389974.
1378
What is the highest common divisor of 64549304 and 2360?
472
Calculate the highest common factor of 343 and 3146437.
49
Calculate the highest common divisor of 56959 and 628712.
721
Calculate the highest common factor of 36150 and 477903.
723
What is the greatest common divisor of 48 and 815766?
6
Calculate the highest common divisor of 132 and 193135294.
22
Calculate the greatest common factor of 2638474 and 18718.
382
What is the greatest common factor of 33881294 and 5344?
334
What is the highest common divisor of 1313525 and 50?
25
What is the highest common divisor of 992256 and 343026?
1938
Calculate the highest common factor of 7 and 179957099.
7
Calculate the greatest common divisor of 750986576 and 16.
16
Calculate the highest common divisor of 375 and 127054725.
75
Calculate the highest common divisor of 17412 and 86.
2
Calculate the greatest common factor of 9031225 and 525.
175
What is the greatest common divisor of 4384 and 82407692?
548
What is the highest common factor of 162 and 97115310?
18
Calculate the highest common factor of 110 and 30697205.
55
Calculate the greatest common divisor of 12900701 and 141.
47
Calculate the greatest common divisor of 14 and 897574034.
14
Calculate the greatest common divisor of 20068435 and 5.
5
What is the highest common factor of 1242 and 51496425?
621
Calculate the highest common factor of 968 and 978032.
88
Calculate the highest common divisor of 155176258 and 5094.
566
What is the greatest common factor of 2717046 and 206502?
1626
Calculate the greatest common divisor of 1840 and 170467720.
920
What is the highest common divisor of 3772 and 3269588?
92
Calculate the greatest common factor of 670818 and 1104.
138
What is the highest common factor of 4318246 and 194?
194
What is the highest common divisor of 671590 and 733410?
2810
Calculate the highest common divisor of 931152 and 21732.
12
What is the greatest common divisor of 470 and 24230?
10
Calculate the highest common divisor of 333476 and 54626.
286
What is the greatest common factor of 185741375 and 14500?
3625
What is the greatest common divisor of 29546366 and 568?
142
Calculate the greatest common factor of 478 and 1049681308.
478
What is the greatest common factor of 98210 and 27197155?
7015
Calculate the highest common divisor of 38442 and 146802.
258
Calculate the highest common divisor of 28 and 205115428.
28
What is the greatest common factor of 12264 and 1440488?
56
Calculate the greatest common divisor of 229883040 and 30.
30
What is the greatest common factor of 7241 and 798239?
13
Calculate the highest common factor of 215477 and 27331.
151
Calculate the greatest common divisor of 20500 and 9953078.
82
Calculate the greatest common factor of 55212396 and 102.
102
Calculate the greatest common divisor of 131824215 and 90.
45
Calculate the greatest common factor of 47781132 and 14.
14
What is the highest common factor of 4634 and 8854090?
14
What is the greatest common divisor of 1224172 and 1002076?
2644
What is the greatest common factor of 96392 and 1272?
8
Calculate the greatest common factor of 15625210 and 680.
170
What is the highest common divisor of 15512509 and 6119?
211
What is the highest common divisor of 38768 and 104272?
16
Calculate the greatest common factor of 117634 and 764.
2
What is the highest common factor of 57370751 and 318?
53
Calculate the greatest common divisor of 29522 and 1014946.
1018
Calculate the highest common factor of 60 and 50344140.
60
What is the greatest common factor of 6399549 and 20169?
747
Calculate the greatest common divisor of 224 and 3361440.
32
Calculate the highest common divisor of 2086 and 265109740.
2086
Calculate the greatest common factor of 43335321 and 381.
381
Calculate the greatest common factor of 16 and 141501872.
16
What is the greatest common divisor of 33448 and 10655448?
904
Calculate the greatest common divisor of 7693904 and 516.
172
What is the greatest common divisor of 15 and 11493609?
3
What is the highest common factor of 544 and 36067268?
68
Calculate the greatest common factor of 50244690 and 15.
15
What is the greatest common divisor of 156414 and 1849506?
1194
Calculate the greatest common divisor of 3980 and 284251600.
3980
Calculate the highest common factor of 34025 and 4043531.
1361
Calculate the highest common factor of 16585 and 1110232.
107
Calculate the greatest common divisor of 45537 and 2780724.
129
What is the greatest common factor of 1087942 and 30?
2
What is the highest common divisor of 2056677 and 1025423?
833
What is the greatest common factor of 144997 and 62525?
61
Calculate the highest common factor of 343596 and 525426.
1254
Calculate the highest common factor of 1 and 508